 -33 = -3*v - 3*b, -d*v + 6*v - 20 = 4*b. What are the prime factors of ((-1 - -1) + v)*12*1?
2, 3
Let x be (-1 - (-814)/6)*(-522)/(-12). Suppose 12 = -4*k, 0 = -5*d - k - 3*k + x. List the prime factors of d.
2, 587
List the prime factors of (-4)/6*(265 - 6217).
2, 31
Let k = -64 + 69. Suppose 3 = -2*m + 5*n - 0, -k*m + 2*n = -3. List the prime factors of (m + (-4)/12)/((-2)/(-165)).
5, 11
Let p(c) be the first derivative of 20*c + 9/2*c**2 - 10 + c**3. List the prime factors of p(-8).
2, 5, 7
Let y(u) = 68*u**2 + 6*u - 1. Suppose -134 + 130 = 2*l. What are the prime factors of y(l)?
7, 37
Let m = 117 + -105. Suppose 3*j - m*j = -756. Suppose 5*w - w = j. What are the prime factors of w?
3, 7
Let t(g) = -3*g + 21. Let b be t(7). Suppose -4*y + 3*h + 1717 - 541 = b, 0 = 5*y + 2*h - 1470. List the prime factors of y.
2, 3, 7
Suppose -l = -134 - 50. Let y be ((-1)/2)/(9/(-11916)). Suppose l = 6*c - y. List the prime factors of c.
3, 47
Let n(d) = -6720*d + 3165. List the prime factors of n(-8).
3, 5, 11, 23
Suppose 40*b - 125060 = 35*b. Suppose -71*w + 45*w + b = 0. What are the prime factors of w?
2, 13, 37
Suppose 22*n - 17*n + 575 = 0. Let w = n + 263. List the prime factors of w.
2, 37
Suppose -8 = -3*f + 67. Let s be (-57)/(-4 - f/(-10)). Let y = 52 - s. What are the prime factors of y?
2, 7
Let r = 185 + -191. What are the prime factors of 391 + (-15 + 12)*(-8)/r?
3, 43
Suppose -85*r = -91*r + 18. Suppose -r*v + 1164 = f, -5*f + 1789 + 4069 = -4*v. What are the prime factors of f?
2, 3, 5, 13
Let r(i) be the second derivative of -i**5/20 - 5*i**4/3 - 21*i**3/2 + 7*i**2 - 84*i. What are the prime factors of r(-18)?
2, 5
Suppose -4*x + 3*n + 69569 = 0, -5*n - 35509 - 34066 = -4*x. List the prime factors of x.
2, 5, 37, 47
Let s(n) = n**2 - 4*n + 3. Let p be s(4). Suppose p*c + 4*o - 8 = 5, -2*o = c - 3. List the prime factors of 6/4*c*(-128)/(-12).
2, 7
Let y(n) = -31*n - 25. Let z(d) = -d. Let l(u) = y(u) + 6*z(u). What are the prime factors of l(-9)?
2, 7, 11
List the prime factors of (-25)/35*(-12)/(-20) + 42857/7.
2, 3061
Let a(q) = -q**2 + 23*q - 8. Let f be a(23). What are the prime factors of (0 + (-3918)/f)/((-6)/(-8))?
653
Let g(y) = -591*y - 5531. What are the prime factors of g(-133)?
2, 4567
Suppose 5*j - 15 = -2*n, -4*n + 2 = -4*j - 14. Let u be 10 - j/(5/15). Suppose -u*s + 4*s = -261. What are the prime factors of s?
3, 29
Suppose -5*b + 23098 = j, 11*b - 18*j + 14*j - 50828 = 0. What are the prime factors of b?
2, 3, 5, 7, 11
Let y(x) = -56*x**3 + 6*x**2 + 10*x - 2. Suppose -9 - 1 = 5*b. List the prime factors of y(b).
2, 3, 5
Let t = -30658 + 58368. List the prime factors of t.
2, 5, 17, 163
Let p(w) = -w**3 - 33*w**2 - 83*w - 117. What are the prime factors of p(-32)?
3, 5, 101
Suppose -3*c = -13*c + 1920. Suppose -5*v = 363 + c. Let m = 67 - v. List the prime factors of m.
2, 89
Suppose -19*c + 107180 = -3*c - 92676. List the prime factors of c.
12491
Suppose o = -2*i + 39471, 3*i + 2*o + 98682 = 8*i. List the prime factors of i.
2, 2467
Suppose 10372 = 8*b - 4*b + 4*c, -3*b + 3*c = -7749. Suppose 9*y + u - 3429 = 5*y, -b = -3*y - 4*u. List the prime factors of y.
2, 107
Let c = 3436 + 3843. What are the prime factors of c?
29, 251
Let m(p) be the third derivative of p**5/60 - 3*p**4/4 + 2*p**3 + 5*p**2 - 32. List the prime factors of m(-19).
5, 11, 13
Let m = -16792 + 24139. List the prime factors of m.
3, 31, 79
Suppose -5*m - 10 = 0, 24*y - 2361 = 25*y - m. Let g = -777 - y. List the prime factors of g.
2, 13, 61
Let h(y) = y**3 + 11*y**2 + 8*y + 8. Let c be (2/(-4))/(155/(-80) + 2). Let n(g) = -g**3 - 7*g**2 + 8*g - 9. Let b be n(c). List the prime factors of h(b).
2, 7
Suppose 2*j + 93*j - 3372120 = 0. What are the prime factors of j?
2, 3, 17, 29
Let b(a) be the first derivative of 53*a**4/24 + 3*a**3/2 + 4*a**2 + 3. Let i(y) be the second derivative of b(y). What are the prime factors of i(2)?
5, 23
Suppose -3*p - 1225 = -q + 1129, -p = 4*q + 763. List the prime factors of p*((-91)/21 + 4).
3, 29
Let h(k) = 11*k**2 + 33*k + 17*k**2 - 24*k**2 + 15. Let t(d) = -6*d + 7. Let a be t(3). List the prime factors of h(a).
2, 17
Suppose 3*n = -5*k + 4312, 26*n - 3*k + 1432 = 27*n. Suppose 3*g = g + n. List the prime factors of g.
2, 19
Suppose 4*v - 21 - 8 = -3*h, -2 = -4*h + 2*v. Suppose -7 = -h*m - a, 0 = 2*m - m - 5*a + 3. Suppose 0 = n - m*n + 22. List the prime factors of n.
2, 11
Suppose 0 = -943*n + 933*n + 406590. List the prime factors of n.
3, 13553
Suppose -i - 3 = 0, -3*i - 88 - 38 = 3*z. Let x = 42 + z. What are the prime factors of (-1 + x)/8 - 3675/(-20)?
2, 23
Suppose -2*i + 4*i = -3*t + 1840, 3*i + 3 = 0. Suppose -1567 = -5*g - 2*u, g - 3*g = 4*u - t. What are the prime factors of ((-2)/(-3))/(30/g)?
7
Let m(x) = x**3 - 22*x**2 + 142*x - 1. List the prime factors of m(17).
2, 11
Let v = 128 + -130. List the prime factors of 1/(-2)*-1 - 1281/v.
641
List the prime factors of (1705 + 0)/(4 + (-44)/12).
3, 5, 11, 31
Let d be 3014 - -3 - (23 - 19). Suppose 260 = 3*u - d. What are the prime factors of u?
1091
Let n(t) = 21*t**3 + t**2 + t + 2. Let z(y) = -y**2 + 12*y - 9. Let x be z(11). Let d be n(x). Suppose 9*g + d - 977 = 0. What are the prime factors of g?
89
Suppose 0*y - 4*y - 9 = -3*p, -2*y = 3*p - 9. Suppose -5*o + 4549 = -2*s, -2*o + 4*s + 879 + 947 = y. What are the prime factors of o?
3, 101
Let x be 83/(10/25*8 + -3). Let r = 612 - x. List the prime factors of r.
197
Suppose 0 = -2*q - 5*b + 30, -4*q + 4*b - 1 = -q. Suppose -q*j = -j. Suppose y = -4*p + 680, 2*y - 505 = -3*p - j*y. What are the prime factors of p?
3, 19
Suppose 2*n - u = 19653, 25*n - 29*n - 3*u = -39291. What are the prime factors of n?
3, 5, 131
Let d(u) be the second derivative of -47*u**3/3 + 29*u**2/2 - 4*u - 3. What are the prime factors of d(-3)?
311
Let g(r) = 262*r**3 + 3*r**2 + 12*r - 26. List the prime factors of g(3).
13, 547
Suppose 0 = 3*i - 4*i - 138. Let t = i + 898. Suppose 10 = -2*n, -5*n = -5*y + 60 + t. What are the prime factors of y?
3, 53
Let f(l) = l. Let c(d) = -d**2 - 4*d + 2. Let k(x) = -c(x) + 6*f(x). Let g be k(-11). Suppose q + g = 88. What are the prime factors of q?
79
Let v(n) = -12*n**3. Let h be v(1). Let q(y) = y**3 + 15*y**2 + 2*y - 27. Let x be q(h). Suppose x = -8*m + 1389. List the prime factors of m.
2, 3, 7
Suppose 1 + 2 = b. Let r be (-10 + (-495)/18)*(-8)/3. Suppose -2*u - b*u = -r. List the prime factors of u.
2, 5
Suppose 0 = b + 7*r - 38914, -b + 2783 = 3*r - 36147. What are the prime factors of b?
2, 19471
Let o = 11072 + -4507. List the prime factors of o.
5, 13, 101
Let c = -64 + 82. Let w = 23 - c. Suppose 136 = 5*s + p, -3*s - w*p + p + 85 = 0. What are the prime factors of s?
3
Suppose 4*t = 2*i - 44, 6*i - i + t = 121. Let m = i + -44. List the prime factors of ((-92)/8)/(-1*(-2)/m).
5, 23
List the prime factors of ((-48020)/(-147))/((-4)/(-138)).
2, 5, 7, 23
Suppose 10*r = 3*r + 7. List the prime factors of 1*(338 + r + -2).
337
Suppose 5*y - 2*y = 2*j + 4, 4*j = 4. Suppose 0 = -y*t + p + 298, 91 = 4*t + 4*p - 517. Suppose 146*q - t*q + 596 = 0. What are the prime factors of q?
149
Let v(t) = 4*t**3 - 28*t**3 - 7*t**3 + 2*t - 7 - 10*t. List the prime factors of v(-2).
257
Suppose f - 19 = 3*g, -4*g + 9 + 31 = f. Let t = 30 - f. Suppose -7*k = -z - 8*k + 133, -2*z + 258 = -t*k. List the prime factors of z.
131
Suppose 9*f + 16*f = 0. Suppose -5*u = -2*k + 1294, f*k = -4*k - u + 2566. What are the prime factors of k?
2, 3, 107
Suppose 82*k + 68784 = 90*k. List the prime factors of k/21 + 6/(-14).
409
Suppose -1730 = -35*a + 235990. List the prime factors of a.
2, 3, 283
Suppose 6*s + 9 = -3. What are the prime factors of ((-4 - -1)*-1)/(s/(-28))?
2, 3, 7
Suppose 0 = 5*w + 5*n + 50, 4*n - 47 + 12 = w. What are the prime factors of (24/w)/((-3)/15)?
2
Let d = -280 + 1477. Let a = 2879 - d. List the prime factors of a.
2, 29
Suppose 2*n = 10*n + 816. List the prime factors of (-5 + 9)/((-3)/n).
2, 17
Suppose 389520 = 268*g - 256*g. What are the prime factors of g?
2, 3, 5, 541
Let t(n) = -n + 30. Let h be t(15). Suppose 3*d + h = 6*d. Suppose -30 = -d*b - f - 4*f, b - 12 = 5*f. What are the prime factors of b?
7
Let o = -59 + 4. Let r = o - -106. Suppose -3*q + r + 66 = 0. What ar